{"version":"1.0","provider_name":"Paracelsus Magazin","provider_url":"https:\/\/www.paracelsus-magazin.ch\/es\/","author_name":"Jordi Pomes Vives","author_url":"https:\/\/www.paracelsus-magazin.ch\/es\/author\/jordi-pomes-vives\/","title":"Paracelsus [XV] - Paracelsus Magazin","type":"rich","width":600,"height":338,"html":"<blockquote class=\"wp-embedded-content\" data-secret=\"eI4st8ELsj\"><a href=\"https:\/\/www.paracelsus-magazin.ch\/es\/medicina-de-paracelsus\/paracelsus-xv\/\">Paracelsus [XV]<\/a><\/blockquote><iframe sandbox=\"allow-scripts\" security=\"restricted\" src=\"https:\/\/www.paracelsus-magazin.ch\/es\/medicina-de-paracelsus\/paracelsus-xv\/embed\/#?secret=eI4st8ELsj\" width=\"600\" height=\"338\" title=\"\u00abParacelsus [XV]\u00bb \u2014 Paracelsus Magazin\" data-secret=\"eI4st8ELsj\" frameborder=\"0\" marginwidth=\"0\" marginheight=\"0\" scrolling=\"no\" class=\"wp-embedded-content\"><\/iframe><script type=\"text\/javascript\">\n\/* <![CDATA[ *\/\n\/*! This file is auto-generated *\/\n!function(d,l){\"use strict\";l.querySelector&&d.addEventListener&&\"undefined\"!=typeof URL&&(d.wp=d.wp||{},d.wp.receiveEmbedMessage||(d.wp.receiveEmbedMessage=function(e){var t=e.data;if((t||t.secret||t.message||t.value)&&!\/[^a-zA-Z0-9]\/.test(t.secret)){for(var s,r,n,a=l.querySelectorAll('iframe[data-secret=\"'+t.secret+'\"]'),o=l.querySelectorAll('blockquote[data-secret=\"'+t.secret+'\"]'),c=new RegExp(\"^https?:$\",\"i\"),i=0;i<o.length;i++)o[i].style.display=\"none\";for(i=0;i<a.length;i++)s=a[i],e.source===s.contentWindow&&(s.removeAttribute(\"style\"),\"height\"===t.message?(1e3<(r=parseInt(t.value,10))?r=1e3:~~r<200&&(r=200),s.height=r):\"link\"===t.message&&(r=new URL(s.getAttribute(\"src\")),n=new URL(t.value),c.test(n.protocol))&&n.host===r.host&&l.activeElement===s&&(d.top.location.href=t.value))}},d.addEventListener(\"message\",d.wp.receiveEmbedMessage,!1),l.addEventListener(\"DOMContentLoaded\",function(){for(var e,t,s=l.querySelectorAll(\"iframe.wp-embedded-content\"),r=0;r<s.length;r++)(t=(e=s[r]).getAttribute(\"data-secret\"))||(t=Math.random().toString(36).substring(2,12),e.src+=\"#?secret=\"+t,e.setAttribute(\"data-secret\",t)),e.contentWindow.postMessage({message:\"ready\",secret:t},\"*\")},!1)))}(window,document);\n\/\/# sourceURL=https:\/\/www.paracelsus-magazin.ch\/wp-includes\/js\/wp-embed.min.js\n\/* ]]> *\/\n<\/script>\n","thumbnail_url":"https:\/\/www.paracelsus-magazin.ch\/wp-content\/uploads\/2020\/09\/Paracelsus.jpg","thumbnail_width":2106,"thumbnail_height":1185,"description":"Un Verdadero Gran\u00a0Reformador\u00a0M\u00e9dico, Religioso y Social del Siglo XVI\u00a0\u00a0\u00a0 En defensa de los mineros y las mujeres Paracelso, a pesar de todo, no desfalleci\u00f3 y continu\u00f3 denunciando todas las injusticias que ve\u00eda por donde pasaba sin importarle las consecuencias a las que se expon\u00eda. Cuando pas\u00f3 por el valle del\u00a0Inn, por los distritos mineros tiroleses de Hall y\u00a0Schwaz, entre 1533 y 1534, pudo observar de primera mano las dur\u00edsimas condiciones de trabajo que soportaban los trabajadores de las minas. En estas minas tirolesas pudo darse cuenta de lo terriblemente duro y peligroso que era el trabajo de los mineros, de la suciedad con que trabajaban y viv\u00edan, del aire malsano que respiraban y del constante peligro de contraer enfermedades y sufrir accidentes, especialmente por el hundimiento de las galer\u00edas de las minas. Y todo ello con jornadas de trabajo largu\u00edsimas, con bajos salarios y altos precios de los alimentos que les ofrec\u00edan las mismas compa\u00f1\u00edas que explotaban las minas. De esta manera, aproximadamente en el mismo periodo en que se sublevaron los campesinos alemanes, hubo huelgas y motines en las minas tirolesas.\u00a01\u00a0\u00a0 Cuando Paracelso visit\u00f3 estas minas, procur\u00f3 ayudar a las familias mineras m\u00e1s necesitadas de sus auxilios, especialmente a [&hellip;]"}

Un Verdadero Gran Reformador Médico, Religioso y Social del Siglo XVI    En defensa de los mineros y las mujeres Paracelso, a pesar de todo, no desfalleció y continuó denunciando todas las injusticias que veía por donde pasaba sin importarle las consecuencias a las que se exponía. Cuando pasó por el valle del Inn, por los distritos mineros tiroleses de Hall y Schwaz, entre 1533 y 1534, pudo observar de primera mano las durísimas condiciones de trabajo que soportaban los trabajadores de las minas. En estas minas tirolesas pudo darse cuenta de lo terriblemente duro y peligroso que era el trabajo de los mineros, de la suciedad con que trabajaban y vivían, del aire malsano que respiraban y del constante peligro de contraer enfermedades y sufrir accidentes, especialmente por el hundimiento de las galerías de las minas. Y todo ello con jornadas de trabajo larguísimas, con bajos salarios y altos precios de los alimentos que les ofrecían las mismas compañías que explotaban las minas. De esta manera, aproximadamente en el mismo periodo en que se sublevaron los campesinos alemanes, hubo huelgas y motines en las minas tirolesas. 1   Cuando Paracelso visitó estas minas, procuró ayudar a las familias mineras más necesitadas de sus auxilios, especialmente a [&hellip;]
