{"version":"1.0","provider_name":"Paracelsus Magazin","provider_url":"https:\/\/www.paracelsus-magazin.ch\/es\/","author_name":"Dr. Jorge Carvajal","author_url":"https:\/\/www.paracelsus-magazin.ch\/es\/author\/dr-jorge-carvajal\/","title":"La red et\u00e9rica planetaria\u00a0 - Paracelsus Magazin","type":"rich","width":600,"height":338,"html":"<blockquote class=\"wp-embedded-content\" data-secret=\"2yVpdabGqQ\"><a href=\"https:\/\/www.paracelsus-magazin.ch\/es\/filosofia\/la-red-eterica-planetaria\/\">La red et\u00e9rica planetaria\u00a0<\/a><\/blockquote><iframe sandbox=\"allow-scripts\" security=\"restricted\" src=\"https:\/\/www.paracelsus-magazin.ch\/es\/filosofia\/la-red-eterica-planetaria\/embed\/#?secret=2yVpdabGqQ\" width=\"600\" height=\"338\" title=\"\u00abLa red et\u00e9rica planetaria\u00a0\u00bb \u2014 Paracelsus Magazin\" data-secret=\"2yVpdabGqQ\" frameborder=\"0\" marginwidth=\"0\" marginheight=\"0\" scrolling=\"no\" class=\"wp-embedded-content\"><\/iframe><script type=\"text\/javascript\">\n\/* <![CDATA[ *\/\n\/*! This file is auto-generated *\/\n!function(d,l){\"use strict\";l.querySelector&&d.addEventListener&&\"undefined\"!=typeof URL&&(d.wp=d.wp||{},d.wp.receiveEmbedMessage||(d.wp.receiveEmbedMessage=function(e){var t=e.data;if((t||t.secret||t.message||t.value)&&!\/[^a-zA-Z0-9]\/.test(t.secret)){for(var s,r,n,a=l.querySelectorAll('iframe[data-secret=\"'+t.secret+'\"]'),o=l.querySelectorAll('blockquote[data-secret=\"'+t.secret+'\"]'),c=new RegExp(\"^https?:$\",\"i\"),i=0;i<o.length;i++)o[i].style.display=\"none\";for(i=0;i<a.length;i++)s=a[i],e.source===s.contentWindow&&(s.removeAttribute(\"style\"),\"height\"===t.message?(1e3<(r=parseInt(t.value,10))?r=1e3:~~r<200&&(r=200),s.height=r):\"link\"===t.message&&(r=new URL(s.getAttribute(\"src\")),n=new URL(t.value),c.test(n.protocol))&&n.host===r.host&&l.activeElement===s&&(d.top.location.href=t.value))}},d.addEventListener(\"message\",d.wp.receiveEmbedMessage,!1),l.addEventListener(\"DOMContentLoaded\",function(){for(var e,t,s=l.querySelectorAll(\"iframe.wp-embedded-content\"),r=0;r<s.length;r++)(t=(e=s[r]).getAttribute(\"data-secret\"))||(t=Math.random().toString(36).substring(2,12),e.src+=\"#?secret=\"+t,e.setAttribute(\"data-secret\",t)),e.contentWindow.postMessage({message:\"ready\",secret:t},\"*\")},!1)))}(window,document);\n\/\/# sourceURL=https:\/\/www.paracelsus-magazin.ch\/wp-includes\/js\/wp-embed.min.js\n\/* ]]> *\/\n<\/script>\n","thumbnail_url":"https:\/\/www.paracelsus-magazin.ch\/wp-content\/uploads\/2021\/01\/pexels-photo-6321144.Nordlicht.jpeg","thumbnail_width":1200,"thumbnail_height":674,"description":"La Tierra emite un campo electromagn\u00e9tico que genera un oc\u00e9ano sutil de energ\u00eda que envuelve y determina los ritmos de la vida. El electroencefalograma de los mam\u00edferos es un fiel reflejo de la pulsaci\u00f3n de este campo, que influye sobre las polaridades biol\u00f3gicas y las micropart\u00edculas de magnetita contenidas en todo nuestro organismo. Estamos dotados con programas funcionales de recepci\u00f3n y procesamiento de este campo, cuyas alteraciones naturales y artificiales inciden en la calidad de la vida. Poseemos, por ejemplo, una especie de radar u \u00f3rgano magn\u00e9tico integrado por la actividad coordinada de la ep\u00edfisis, el hipot\u00e1lamo y la hip\u00f3fisis, que regula el equilibrio neurovegetativo y hormonal. El campo magn\u00e9tico terrestre se proyecta m\u00e1s all\u00e1 de la atm\u00f3sfera, e interact\u00faa con el campo electromagn\u00e9tico del Sol, determinando la forma e intensidad de la magnetosfera que nos envuelve. Vivimos en un campo de interacci\u00f3n entre la tierra y el cielo y, dentro de ese campo, cada zona de la Tierra expresa su campo magn\u00e9tico local. Todo el campo pulsa en una caverna de resonancia entre la litosfera y la ionosfera, estableciendo patrones de frecuencias que se han inscrito en nuestros programas celulares. Como antenas de una longitud de alrededor de 1,70 [&hellip;]"}

La red etérica planetaria  - Paracelsus Magazin

<blockquote class="wp-embedded-content" data-secret="2yVpdabGqQ"><a href="https://www.paracelsus-magazin.ch/es/filosofia/la-red-eterica-planetaria/">La red etérica planetaria </a></blockquote><iframe sandbox="allow-scripts" security="restricted" src="https://www.paracelsus-magazin.ch/es/filosofia/la-red-eterica-planetaria/embed/#?secret=2yVpdabGqQ" width="600" height="338" title="«La red etérica planetaria » — Paracelsus Magazin" data-secret="2yVpdabGqQ" frameborder="0" marginwidth="0" marginheight="0" scrolling="no" class="wp-embedded-content"></iframe><script type="text/javascript">
/* <![CDATA[ */
/*! This file is auto-generated */
!function(d,l){"use strict";l.querySelector&&d.addEventListener&&"undefined"!=typeof URL&&(d.wp=d.wp||{},d.wp.receiveEmbedMessage||(d.wp.receiveEmbedMessage=function(e){var t=e.data;if((t||t.secret||t.message||t.value)&&!/[^a-zA-Z0-9]/.test(t.secret)){for(var s,r,n,a=l.querySelectorAll('iframe[data-secret="'+t.secret+'"]'),o=l.querySelectorAll('blockquote[data-secret="'+t.secret+'"]'),c=new RegExp("^https?:$","i"),i=0;i<o.length;i++)o[i].style.display="none";for(i=0;i<a.length;i++)s=a[i],e.source===s.contentWindow&&(s.removeAttribute("style"),"height"===t.message?(1e3<(r=parseInt(t.value,10))?r=1e3:~~r<200&&(r=200),s.height=r):"link"===t.message&&(r=new URL(s.getAttribute("src")),n=new URL(t.value),c.test(n.protocol))&&n.host===r.host&&l.activeElement===s&&(d.top.location.href=t.value))}},d.addEventListener("message",d.wp.receiveEmbedMessage,!1),l.addEventListener("DOMContentLoaded",function(){for(var e,t,s=l.querySelectorAll("iframe.wp-embedded-content"),r=0;r<s.length;r++)(t=(e=s[r]).getAttribute("data-secret"))||(t=Math.random().toString(36).substring(2,12),e.src+="#?secret="+t,e.setAttribute("data-secret",t)),e.contentWindow.postMessage({message:"ready",secret:t},"*")},!1)))}(window,document);
//# sourceURL=https://www.paracelsus-magazin.ch/wp-includes/js/wp-embed.min.js
/* ]]> */
</script>

La Tierra emite un campo electromagnético que genera un océano sutil de energía que envuelve y determina los ritmos de la vida. El electroencefalograma de los mamíferos es un fiel reflejo de la pulsación de este campo, que influye sobre las polaridades biológicas y las micropartículas de magnetita contenidas en todo nuestro organismo. Estamos dotados con programas funcionales de recepción y procesamiento de este campo, cuyas alteraciones naturales y artificiales inciden en la calidad de la vida. Poseemos, por ejemplo, una especie de radar u órgano magnético integrado por la actividad coordinada de la epífisis, el hipotálamo y la hipófisis, que regula el equilibrio neurovegetativo y hormonal. El campo magnético terrestre se proyecta más allá de la atmósfera, e interactúa con el campo electromagnético del Sol, determinando la forma e intensidad de la magnetosfera que nos envuelve. Vivimos en un campo de interacción entre la tierra y el cielo y, dentro de ese campo, cada zona de la Tierra expresa su campo magnético local. Todo el campo pulsa en una caverna de resonancia entre la litosfera y la ionosfera, estableciendo patrones de frecuencias que se han inscrito en nuestros programas celulares. Como antenas de una longitud de alrededor de 1,70 [&hellip;]
